{"id":4175,"date":"2021-10-08T09:50:11","date_gmt":"2021-10-08T07:50:11","guid":{"rendered":"https:\/\/www.altechkachels.com\/unkategorisiert\/max-b\/"},"modified":"2022-03-02T15:17:22","modified_gmt":"2022-03-02T13:17:22","slug":"max-b-kachel","status":"publish","type":"product","link":"https:\/\/www.altechkachels.com\/de\/holzofen\/max-b-kachel\/","title":{"rendered":"Max B"},"content":{"rendered":"<p>Zum ersten Mal seit 40 Jahren, in denen Altech Speckstein\u00f6fen herstellt, wurde die beschlossen, ein Modell mit Stahlrahmen auf den Markt zu bringen. Durch diesen Stahlrahmen und der vertieften Specksteine hat der Altech Max das eleganteste Design unter den Speckstein\u00f6fen.<\/p>\n<p>Mit einer Leistung von 3 bis 8,5 kW kann der Max sowohl kleinere als auch gr\u00f6\u00dfere R\u00e4ume mit wohltuender Infrarotw\u00e4rme versorgen. Der Holzofen ist einfach zu bedienen \u2013 der integrierte T\u00fcrgriff und der L\u00fcftungsgriff k\u00f6nnen mit dem mitgelieferten Schl\u00fcssel bedient werden. Wie Sie es von Altech gewohnt sind, ist auch dieses Modell auf einem Holzstand erh\u00e4ltlich, sodass Sie einen noch besseren Blick auf das wundervolle Flammenspiel haben.<\/p>\n<h2>Neugierig auf den Altech Max B Specksteinholzofen?<\/h2>\n<p>Erleben Sie die wunderbare W\u00e4rme am eigenen Leib und bewundern Sie diesen Ofen im Showroom bei einem unserer H\u00e4ndler.<\/p>\n","protected":false},"excerpt":{"rendered":"<p>Ein beispiellos elegantes Design in Kombination mit der vertrauten Specksteinw\u00e4rme \u2013 das macht den Altech Max zum \u201eHolzofen der Zukunft\u201c.<\/p>\n","protected":false},"featured_media":5032,"comment_status":"open","ping_status":"closed","template":"","meta":{"_acf_changed":false,"_et_pb_use_builder":"","_et_pb_old_content":"","_et_gb_content_width":"","inline_featured_image":false},"product_brand":[],"product_cat":[97],"product_tag":[],"class_list":{"0":"post-4175","1":"product","2":"type-product","3":"status-publish","4":"has-post-thumbnail","6":"product_cat-holzofen","8":"first","9":"instock","10":"shipping-taxable","11":"product-type-simple"},"acf":[],"_links":{"self":[{"href":"https:\/\/www.altechkachels.com\/de\/wp-json\/wp\/v2\/product\/4175","targetHints":{"allow":["GET"]}}],"collection":[{"href":"https:\/\/www.altechkachels.com\/de\/wp-json\/wp\/v2\/product"}],"about":[{"href":"https:\/\/www.altechkachels.com\/de\/wp-json\/wp\/v2\/types\/product"}],"replies":[{"embeddable":true,"href":"https:\/\/www.altechkachels.com\/de\/wp-json\/wp\/v2\/comments?post=4175"}],"wp:featuredmedia":[{"embeddable":true,"href":"https:\/\/www.altechkachels.com\/de\/wp-json\/wp\/v2\/media\/5032"}],"wp:attachment":[{"href":"https:\/\/www.altechkachels.com\/de\/wp-json\/wp\/v2\/media?parent=4175"}],"wp:term":[{"taxonomy":"product_brand","embeddable":true,"href":"https:\/\/www.altechkachels.com\/de\/wp-json\/wp\/v2\/product_brand?post=4175"},{"taxonomy":"product_cat","embeddable":true,"href":"https:\/\/www.altechkachels.com\/de\/wp-json\/wp\/v2\/product_cat?post=4175"},{"taxonomy":"product_tag","embeddable":true,"href":"https:\/\/www.altechkachels.com\/de\/wp-json\/wp\/v2\/product_tag?post=4175"}],"curies":[{"name":"wp","href":"https:\/\/api.w.org\/{rel}","templated":true}]}}

<p>Zum ersten Mal seit 40 Jahren, in denen Altech Specksteinöfen herstellt, wurde die beschlossen, ein Modell mit Stahlrahmen auf den Markt zu bringen. Durch diesen Stahlrahmen und der vertieften Specksteine hat der Altech Max das eleganteste Design unter den Specksteinöfen.</p>
<p>Mit einer Leistung von 3 bis 8,5 kW kann der Max sowohl kleinere als auch größere Räume mit wohltuender Infrarotwärme versorgen. Der Holzofen ist einfach zu bedienen – der integrierte Türgriff und der Lüftungsgriff können mit dem mitgelieferten Schlüssel bedient werden. Wie Sie es von Altech gewohnt sind, ist auch dieses Modell auf einem Holzstand erhältlich, sodass Sie einen noch besseren Blick auf das wundervolle Flammenspiel haben.</p>
<h2>Neugierig auf den Altech Max B Specksteinholzofen?</h2>
<p>Erleben Sie die wunderbare Wärme am eigenen Leib und bewundern Sie diesen Ofen im Showroom bei einem unserer Händler.</p>

<p>Ein beispiellos elegantes Design in Kombination mit der vertrauten Specksteinwärme – das macht den Altech Max zum „Holzofen der Zukunft“.</p>
