{"id":6276,"date":"2022-06-09T11:48:12","date_gmt":"2022-06-09T09:48:12","guid":{"rendered":"https:\/\/www.altechkachels.com\/unkategorisiert\/max-w\/"},"modified":"2022-06-09T11:48:12","modified_gmt":"2022-06-09T09:48:12","slug":"max-w","status":"publish","type":"product","link":"https:\/\/www.altechkachels.com\/de\/holzofen\/max-de\/max-w\/","title":{"rendered":"Max W"},"content":{"rendered":"<p>Der Altech Max W Speckstein-Holzofen ist das Basismodell auf Beinen und eines der beliebtesten Modelle der Max-Serie. Der Max W zeichnet sich durch sein ovales Design aus. Dank dieser Bauweise bietet dieses Ger\u00e4t einen sch\u00f6nen weiten Blick auf das Feuer. Diese Eigenschaften in Verbindung mit seinem hohen Wirkungsgrad und der Verwendung von Speckstein in Kombination mit Stahl machen diesen Ofen sehr beliebt.<\/p>\n<h2>D\u00e9 meest strakke speksteenkachel op de markt<\/h2>\n<p>Zum ersten Mal seit 40 Jahren, in denen Altech Speckstein\u00f6fen herstellt, wurde die beschlossen, ein Modell mit Stahlrahmen auf den Markt zu bringen. Dieser Stahlrahmen und der eingelassene Speckstein verleihen dem Altech Max W das schlichteste Design aller Speckstein\u00f6fen.<\/p>\n<p>Mit einer Leistung von 3 bis 8,5 kW eignet sich der Max W sowohl f\u00fcr die Versorgung kleinerer R\u00e4ume als auch gr\u00f6\u00dferer Fl\u00e4chen mit wunderbarer Infrarotw\u00e4rme. Der Holzofen ist einfach zu bedienen \u2013 der integrierte T\u00fcrgriff und der L\u00fcftungsgriff k\u00f6nnen mit dem mitgelieferten Schl\u00fcssel bedient werden. Das Basismodell ist mit Beinen ausgestattet, der Max W steht etwas h\u00f6her durch <\/p>\n<h2>Genie\u00dfen Sie die wunderbare W\u00e4rme von Speckstein mit dem Altech Max W<\/h2>\n<p>Der Altech Max W besteht haupts\u00e4chlich aus <a href=\"https:\/\/www.altechkachels.com\/kenniscentrum\/wat-is-speksteen\/\">Speckstein<\/a>. Das Besondere an dieser Materialart ist, dass Speckstein die W\u00e4rme speichert und gleichm\u00e4\u00dfig abstrahlt. Sie k\u00f6nnen diese W\u00e4rme mit der Infrarotw\u00e4rme der Sonne vergleichen. Infrarot ist die nat\u00fcrlichste W\u00e4rme, die es gibt, und erw\u00e4rmt Objekte im Raum. Die W\u00e4rme legt sich wie eine Decke um Sie und w\u00e4rmt Ihren ganzen K\u00f6rper und Ihre Umgebung. <\/p>\n<h2>Neugierig auf den Altech Max W Speckstein-Holzofen?<\/h2>\n<p>Erleben Sie die wunderbare W\u00e4rme und bewundern Sie diesen Ofen im Ausstellungsraum bei einem unserer <a href=\"https:\/\/www.altechkachels.com\/dealers\/\">H\u00e4ndler<\/a> oder im <a href=\"http:\/\/www.haveverwarming.nl\/experiencecenter\" rel=\"noopener\">HAV\u00c9 Heizungserlebniszentrum.<\/a><\/p>\n","protected":false},"excerpt":{"rendered":"<p>Ein beispiellos elegantes Design in Kombination mit der vertrauten Specksteinw\u00e4rme \u2013 das macht den Altech Max zum \u201eHolzofen der Zukunft\u201c.<\/p>\n","protected":false},"featured_media":5979,"comment_status":"open","ping_status":"closed","template":"","meta":{"_acf_changed":false,"_et_pb_use_builder":"","_et_pb_old_content":"","_et_gb_content_width":"","inline_featured_image":false},"product_brand":[],"product_cat":[97,143],"product_tag":[],"class_list":{"0":"post-6276","1":"product","2":"type-product","3":"status-publish","4":"has-post-thumbnail","6":"product_cat-holzofen","7":"product_cat-max-de","9":"first","10":"instock","11":"shipping-taxable","12":"product-type-simple"},"acf":[],"_links":{"self":[{"href":"https:\/\/www.altechkachels.com\/de\/wp-json\/wp\/v2\/product\/6276","targetHints":{"allow":["GET"]}}],"collection":[{"href":"https:\/\/www.altechkachels.com\/de\/wp-json\/wp\/v2\/product"}],"about":[{"href":"https:\/\/www.altechkachels.com\/de\/wp-json\/wp\/v2\/types\/product"}],"replies":[{"embeddable":true,"href":"https:\/\/www.altechkachels.com\/de\/wp-json\/wp\/v2\/comments?post=6276"}],"wp:featuredmedia":[{"embeddable":true,"href":"https:\/\/www.altechkachels.com\/de\/wp-json\/wp\/v2\/media\/5979"}],"wp:attachment":[{"href":"https:\/\/www.altechkachels.com\/de\/wp-json\/wp\/v2\/media?parent=6276"}],"wp:term":[{"taxonomy":"product_brand","embeddable":true,"href":"https:\/\/www.altechkachels.com\/de\/wp-json\/wp\/v2\/product_brand?post=6276"},{"taxonomy":"product_cat","embeddable":true,"href":"https:\/\/www.altechkachels.com\/de\/wp-json\/wp\/v2\/product_cat?post=6276"},{"taxonomy":"product_tag","embeddable":true,"href":"https:\/\/www.altechkachels.com\/de\/wp-json\/wp\/v2\/product_tag?post=6276"}],"curies":[{"name":"wp","href":"https:\/\/api.w.org\/{rel}","templated":true}]}}

<p>Der Altech Max W Speckstein-Holzofen ist das Basismodell auf Beinen und eines der beliebtesten Modelle der Max-Serie. Der Max W zeichnet sich durch sein ovales Design aus. Dank dieser Bauweise bietet dieses Gerät einen schönen weiten Blick auf das Feuer. Diese Eigenschaften in Verbindung mit seinem hohen Wirkungsgrad und der Verwendung von Speckstein in Kombination mit Stahl machen diesen Ofen sehr beliebt.</p>
<h2>Dé meest strakke speksteenkachel op de markt</h2>
<p>Zum ersten Mal seit 40 Jahren, in denen Altech Specksteinöfen herstellt, wurde die beschlossen, ein Modell mit Stahlrahmen auf den Markt zu bringen. Dieser Stahlrahmen und der eingelassene Speckstein verleihen dem Altech Max W das schlichteste Design aller Specksteinöfen.</p>
<p>Mit einer Leistung von 3 bis 8,5 kW eignet sich der Max W sowohl für die Versorgung kleinerer Räume als auch größerer Flächen mit wunderbarer Infrarotwärme. Der Holzofen ist einfach zu bedienen – der integrierte Türgriff und der Lüftungsgriff können mit dem mitgelieferten Schlüssel bedient werden. Das Basismodell ist mit Beinen ausgestattet, der Max W steht etwas höher durch </p>
<h2>Genießen Sie die wunderbare Wärme von Speckstein mit dem Altech Max W</h2>
<p>Der Altech Max W besteht hauptsächlich aus <a href="https://www.altechkachels.com/kenniscentrum/wat-is-speksteen/">Speckstein</a>. Das Besondere an dieser Materialart ist, dass Speckstein die Wärme speichert und gleichmäßig abstrahlt. Sie können diese Wärme mit der Infrarotwärme der Sonne vergleichen. Infrarot ist die natürlichste Wärme, die es gibt, und erwärmt Objekte im Raum. Die Wärme legt sich wie eine Decke um Sie und wärmt Ihren ganzen Körper und Ihre Umgebung. </p>
<h2>Neugierig auf den Altech Max W Speckstein-Holzofen?</h2>
<p>Erleben Sie die wunderbare Wärme und bewundern Sie diesen Ofen im Ausstellungsraum bei einem unserer <a href="https://www.altechkachels.com/dealers/">Händler</a> oder im <a href="http://www.haveverwarming.nl/experiencecenter" rel="noopener">HAVÉ Heizungserlebniszentrum.</a></p>

<p>Ein beispiellos elegantes Design in Kombination mit der vertrauten Specksteinwärme – das macht den Altech Max zum „Holzofen der Zukunft“.</p>
